 10. Let t = r + 2. Suppose 5*w + 0*i - 101 = -t*i, i - 20 = -w. What is the tens digit of w?
2
Let o = 66 - 35. Suppose 0 = 4*w + 4*r - o - 189, -w = 4*r - 58. What is the units digit of w?
4
Suppose -8*b + 5*b + z = -7, 0 = 5*z - 10. Suppose -b*w + 18 + 42 = f, 0 = -3*w + 4*f + 60. What is the units digit of w?
0
Suppose 7 = -w - 4*p, -p = -w - 5 + 3. Let s be (-3 - -80) + 2 + w. Suppose -4*k = -0*k - s. What is the units digit of k?
9
Let t be (-20)/(-25) - 684/(-20). Let o = t - -14. What is the units digit of o?
9
Suppose -2*r = -4*z + 2, 5*z + 10 = -2*r + 7*r. Suppose -z*a + 2*n = -11, -5*a - n + 31 = 2*n. Suppose 16 = -a*l + 81. What is the tens digit of l?
1
Suppose 0*j = -3*j - 138. Let m = j + 51. What is the units digit of m?
5
Suppose -8*l + 52670 - 19638 = 0. What is the hundreds digit of l?
1
Suppose -a = -3*o + 2610, -6*a = -5*o - 8*a + 4361. What is the tens digit of o?
7
Let p be ((-1 - 2) + 3)/1. Suppose -m + p*m + 5 = 0, 20 = 5*l + 2*m. Suppose 0 = -l*y + 39 + 7. What is the tens digit of y?
2
Suppose 5*c = 3*x + 1477, -2*c = 2*c - 5*x - 1179. What is the hundreds digit of c?
2
Let y be ((-164)/(-10) + 0)*-5. Let r be -94*((-1)/6)/((-10)/30). Let g = r - y. What is the units digit of g?
5
Let x = -306 + 307. What is the units digit of x?
1
Let f = 0 - -22. Suppose 42 = 4*i - f. What is the units digit of i?
6
Let y(d) be the first derivative of -31*d**2 + 12. What is the units digit of y(-1)?
2
Let z(o) = 13*o**2 + o - 2. Let b be (5 + -4)/(2/(-6)). Let v be z(b). Suppose 3*l + v = 7*l. What is the tens digit of l?
2
Let d(p) = 6*p - 3. Let y(x) = 7*x - 3. Let h(c) = -6*d(c) + 5*y(c). Let j be h(4). What is the tens digit of 1/j*108/(-6)?
1
Suppose 12*s = 11*s + 79. Suppose 0 = -h - 27 - 21. Let a = h + s. What is the tens digit of a?
3
Let b(y) = -5*y**2 - 9 - 6 - y**2 + y**3 + y + 12. Let t be b(6). Let q = -2 + t. What is the units digit of q?
1
What is the units digit of 592 + (-6 - -5 - (5 + -6))?
2
Suppose -3*n = -k - 368, -30 = -n + 4*k + 111. Let c = n + -72. What is the units digit of c?
9
Suppose 4*c - 16553 = c - 4*m, 3*c = -m + 16538. What is the tens digit of c/363 + (-4)/22?
1
Suppose 1422 = 4*u - 1006. What is the hundreds digit of u?
6
Let s(p) = 25*p - 50. Let f be s(-2). Suppose 2*q - q = -5*z + 4, -3*q + 2*z = -29. What is the tens digit of (5 - q) + f/(-2)?
4
Suppose 3*n + 239 = -0*n + 5*r, 0 = 3*n - 3*r + 231. Let l = 135 + n. What is the tens digit of l?
6
Let r(v) = 132*v + 61. What is the tens digit of r(8)?
1
Let t = -27 - -5. Let j = 32 + t. Let m = 3 + j. What is the tens digit of m?
1
Let u(b) be the first derivative of 3*b**2/2 - 34*b + 13. What is the units digit of u(18)?
0
Suppose 4*u - 11*u + 2296 = 0. What is the hundreds digit of u?
3
Suppose -5*i - 5*c - 4338 = 3467, -3*c + 3137 = -2*i. What is the units digit of i/(-12) + (0 - 6/(-9))?
1
Let b(q) = 2*q**2 - 29*q + 20. Suppose 6*u = u + 100. What is the tens digit of b(u)?
4
What is the units digit of 50464/57 + (-3)/9?
5
Let a(c) = -3*c**3 + 245*c**2 + 103*c + 99. What is the hundreds digit of a(82)?
8
Let p(a) = 6*a**2 - 6*a + 7. Let x = 35 - 30. What is the tens digit of p(x)?
2
Let z be (9/1)/(-5 + 6). Suppose -d = -35 - z. What is the tens digit of d?
4
What is the units digit of 83 + -3 + 3 + 7?
0
Let j(x) = 5*x**2 - 97*x + 22. What is the hundreds digit of j(41)?
4
Let b(g) be the third derivative of 5*g**4/24 - g**3/6 - 9*g**2. Let y be b(-1). Let n(c) = -9*c - 2. What is the tens digit of n(y)?
5
Suppose 0 = 5*i + u - 44, 5*i - 32 = -0*i + 2*u. Let c be 14/56 - 2/8. Suppose l = -c*l + i. What is the units digit of l?
8
Let q(h) = -3*h + 30. Let x be q(9). What is the units digit of x*(6*-2 + 1)*-1?
3
Suppose -2*k + 6*d - 2*d + 472 = 0, -2*k + 445 = 5*d. What is the units digit of k?
0
Let k(v) = -9. Let n(x) = -x. Let s(p) = 3*k(p) - 6*n(p). What is the units digit of s(17)?
5
Suppose 0*v + 245 = y - 2*v, 3*v = -y + 225. What is the units digit of y?
7
Let y(s) = -s**2 - s + 1. Let g(i) = i**2 - 7*i + 8. Let k(h) = g(h) - 6*y(h). Let x be k(3). Let j = 130 - x. What is the units digit of j?
8
Suppose -7*k + 20 = -2*k. What is the units digit of -8 + 16/k + 155?
1
Suppose 5*y + 5 = 0, -8 = -2*i + 2*y + 4. Suppose 4*d + 5*b = -7, -i*d + 2*b + 2 = -14. Suppose d = -3*r + 5. What is the units digit of r?
1
Let i(f) = 6*f + 10. Let z be i(5). Suppose -42*q + 202 = -z*q. What is the hundreds digit of q?
1
Let x = -4 - -8. Suppose -x = q, -3*q - 9 = -t + 2*t. Suppose 0 = -j - 2, t*j - 66 = -5*o + 18. What is the tens digit of o?
1
Suppose 5*x - 99 = -14. Let c = x + -11. What is the units digit of (64/c)/((-1)/(-3))?
2
Let g(h) = 188*h**2 - 20*h + 2. What is the units digit of g(3)?
4
Suppose 8 - 288 = 20*t. Suppose 3*q + 48 = -o - 3*o, 3*o + 36 = 4*q. Let x = o - t. What is the units digit of x?
2
Let x(p) = -36*p - 17. What is the units digit of x(-3)?
1
Let o(i) = -7*i - 2. Let k be o(-3). Let c = 22 - k. Suppose -c*u - 70 = -8*u. What is the units digit of u?
4
Let j(o) = -2*o - 35. Let i be j(-19). Let a(c) = 6*c**2 - 7*c + 9. What is the units digit of a(i)?
2
Suppose 0 = -z - z + 22. Let s = -11 + z. Suppose 4*x - 14 + 2 = s, -2*g = -x - 57. What is the tens digit of g?
3
Suppose 4*f - 2*f + 2*h = -584, 0 = -4*f - 2*h - 1160. What is the units digit of ((-6)/(-4))/((-4)/f)?
8
Let g be (-372)/(-60) - 1/5. Suppose g*o - 392 = -o. What is the units digit of o?
6
Suppose -4*j + 30 + 18 = 0. Suppose 2*y = -0*y - j. What is the units digit of (y/(-9))/(1/12)?
8
Let p be (-3)/5*(19 - 29). Let a(h) = 13*h**2 + 2*h**2 - 2 - p*h**2 + 9*h**2 - 15*h - h**3. What is the units digit of a(17)?
2
Let x be (21 + -17)*((-2)/8 + 0). Let s(w) = 13*w**3 + 7*w**2 - 2*w - 2. Let k(j) = j**2. Let u(b) = 6*k(b) - s(b). What is the units digit of u(x)?
2
Suppose 9 = 5*g - 4*x, 5 = 3*g - x - 6. Suppose 0*l + 13 = 3*r + 5*l, -7 = 3*r - g*l. What is the units digit of (6 - -4) + (r - -1)?
2
Let q(u) = u**2 - 2. Let p be q(-2). Suppose -p*m + 45 = -5*m. What is the tens digit of (13 - 7)/((-6)/m)?
1
What is the units digit of 8 - 3 - (-2 - 459)?
6
Let h(i) = -i**2 - 59*i - 42. What is the units digit of h(-26)?
6
Let p = -1378 - -1598. What is the units digit of p?
0
Let h(o) = -o**3 + 24*o**2 - 38*o - 91. What is the units digit of h(22)?
1
Suppose 2*l = -j - j + 12, -l = 3*j - 10. Let s be (-1286)/(-10) - j/(-5). Suppose 5*r = -9 + s. What is the units digit of r?
4
Let i(g) = 17*g + 54. Let d(r) = 16*r + 53. Let c(x) = -4*d(x) + 3*i(x). What is the tens digit of c(-12)?
0
Let r(u) = u**3 - 2*u**2 + 2*u. Let l be r(2). Suppose -l*z = -0*z - 40. What is the tens digit of z?
1
Suppose 0 = -3*h - 4*n + 601, -h = -0*n - n - 212. Let f = 400 - h. What is the units digit of f?
3
What is the units digit of (-4)/8 - (-753)/2?
6
Let m(a) = a**2 - 4*a + 3. Let r be m(4). Suppose 0 = -6*j + r*j + 9. Suppose -19 - j = -2*d. What is the units digit of d?
1
Let u(z) = z**2 - 9*z + 12. Let c be u(7). Let v be (5/(-15))/(c/24). Suppose -45 = t - v*t. What is the units digit of t?
5
Let s = -12 + 14. Suppose 0 = -i + s*i - 56. What is the tens digit of i?
5
Let x(d) = d**3 + d**2 - d + 154. What is the tens digit of x(0)?
5
Let p(j) = -j**2 + 7*j - 6. Let m be p(5). Let f(q) = -q**2 + 2*q - 5. Let i be f(m). Let o(v) = v**2 + 12*v - 9. What is the units digit of o(i)?
4
Let f(r) = -8*r**2 - 4*r + 4. Let o(b) = -7*b**2 - 3*b + 4. Let t(d) = 6*f(d) - 7*o(d). Let y be t(4). Let k = y - -4. What is the units digit of k?
4
Suppose b + 3*p - 34 = 3*b, -34 = 2*b + 4*p. Let s = 13 + b. Let z = s + 25. What is the tens digit of z?
2
Suppose -5*b + 4*f + 65 + 13 = 0, 2*b - 48 = -4*f. What is the hundreds digit of b - 14 - -3*41?
1
Suppose 0 = 5*l + 2*m - 97, 0 = -4*l + 2*l + 3*m + 54. Let i(o) = -o**2 + 27*o + 2. What is the tens digit of i(l)?
2
Suppose 1290 = 2*j - 4*i - 1140, j - i - 1215 = 0. What is the tens digit of j?
1
Suppose 8*c = 9920 + 1128. What is the tens digit of c?
8
Let j be (-6 - (-64)/8)*2. Suppose 0 = -4*o + 3*u + 296, 0 = -4*o + o - 3*u + 243. Suppose 29 = -j*q + o. What is the units digit of q?
2
Suppose -2*h + 23 - 21 = 0. Let o be 9 - 8/(h - -3). Let g = 2 + o. What is the units digit of g?
9
Let h = 1548 - 757. What is the hundreds digit of h?
7
Let f = 